units digit of d?
8
Let p be 0/(-2 + (0 - 0)). Suppose p*b - 5*q - 275 = -5*b, -q = 5*b - 257. What is the tens digit of b?
5
Let y(k) = -k**3 - 5*k**2 - 4*k + 1. Let p be y(-5). Suppose 2 = -3*t + 4*t. Suppose 0 = -a - t*a + p. What is the units digit of a?
7
Suppose -v = -4*x - 20, 5*v - 2*v + 2*x - 130 = 0. Suppose v = 2*r + 3*r. What is the units digit of r?
8
Let n = -30 + 49. What is the tens digit of n?
1
What is the hundreds digit of (-2 - 1050/18)*-3?
1
Let p = 50 - 30. Suppose 2*v + 0*v = p. What is the units digit of v?
0
Let i(r) = 17*r - 45. What is the hundreds digit of i(10)?
1
Let k(o) = -o**3 + 5*o**2. Let h be k(5). Suppose -2*t + 30 = -s, t + h*s - 12 = -s. What is the tens digit of t?
1
Let b be (3 + 7/(-2))*-2. Let c = b + 1. Suppose c*a + 6 = 18. What is the units digit of a?
6
Let x = -4 - 3. Let j be (-2)/x - (-82)/7. Suppose -3*f + 18 = -0*f - 2*y, 0 = -4*y - j. What is the units digit of f?
4
Let j(d) = -d**3 + 4*d**2 + 5*d - 2. Let a be j(5). What is the units digit of (2 + a)/2 + 3?
3
Suppose u = -3*t + t + 48, -4*t = -5*u - 82. What is the tens digit of t?
2
Let n = 2 + 1. Suppose -19 = -2*t - n*f, -17 = -t - 2*f - f. Suppose -t*d + 1 = 5*x, 0 = -x + 5*d + 1 + 10. What is the units digit of x?
1
Let p(u) = -u**3 - 12 - 3*u**3 + u**2 + 13 - 2*u. Let t be p(1). Let i = 8 + t. What is the units digit of i?
4
Let g = -7 + 46. Let b be 4/(-10) + (-4)/(-10). Suppose b = -2*z - z + g. What is the tens digit of z?
1
Let v = 0 - -31. What is the tens digit of v?
3
Let i(b) = 24*b. Let c be i(1). Suppose -5*j = -8*j + c. What is the units digit of j?
8
Let m(t) = -t**3 + 7*t**2 - 7*t + 9. Let x = 15 + -9. Let o be m(x). Suppose 2 = -o*q + 5. What is the units digit of q?
1
Let b be 0/(-2 + 4) - -2. Suppose b*f + 12 = 5*f. What is the units digit of f?
4
Suppose -16*d + 1030 = -666. What is the units digit of d?
6
Suppose -5*t - v = -64, 3*v - 60 = -2*t - 2*t. Suppose -g + 6 = -t. What is the tens digit of g?
1
Let x = 130 - 65. What is the units digit of x?
5
Let n = -20 + 35. Suppose 5*d + 0 = n. What is the units digit of d?
3
Suppose -6*n + 4*n + 8 = 0. Let w = 11 - -3. Suppose -3*y + 5 = m - n*y, -m = -4*y - w. What is the units digit of m?
2
Suppose 34 = 5*i - 3*z - 53, 4*z = -2*i + 14. What is the units digit of i?
5
Suppose -3*b = -5*u + 981, 2*u + 2*u - 4*b = 780. What is the tens digit of u?
9
Let w = -7 + 9. Suppose -20 = -4*c, -3*t + w*c = 6*c - 74. What is the units digit of t?
8
Let c be (-12)/66 + 26/22. What is the tens digit of ((-56)/(-35))/(c/25)?
4
Let x(z) = -z**3 + 1 + 1 + 4*z - 1 + z**2 + z**2. What is the units digit of x(3)?
4
Let l(r) = 6*r**2 + 3*r - 14. What is the units digit of l(3)?
9
Suppose k + 6 = -2*k. Let p(j) = -7*j**3 - j. Let r be p(1). Let w = k - r. What is the units digit of w?
6
Let l(m) = -4*m**2 - 5*m + 2. Let q be l(-5). Let n = -47 - q. What is the units digit of n?
6
Let m = 24 - -58. What is the tens digit of m?
8
Let s(r) = 7*r**2 - 3. Let n(u) = -15*u**2 + 5. Let b(h) = -3*n(h) - 5*s(h). What is the units digit of b(-1)?
0
Let x(y) = 13*y**2. Let v be x(-1). Suppose -v - 9 = -2*n. What is the units digit of n?
1
Suppose 0 = 5*y - 2*y - 6. What is the units digit of (y/(-6))/(3/(-90))?
0
Let f(c) = 2*c**2 - 2*c. Suppose 0*u - 9 = -3*u. What is the tens digit of f(u)?
1
Let j be 29 + (5 + -1)/1. Suppose u + 0*u = j. What is the tens digit of u?
3
Suppose -3*f - 53 = -83. What is the tens digit of f?
1
Suppose 0 = 2*y - 189 + 9. What is the units digit of y?
0
Let x be (-1 - 0)*(-3 - 1). Suppose i = 3, 0 = -n - 0*n - x*i + 17. Suppose 0*c + 15 = n*c. What is the units digit of c?
3
Let k(j) = -j**3 - 14*j**2 - 11*j - 22. What is the tens digit of k(-15)?
6
Suppose 0 = 38*c - 34*c - 504. What is the tens digit of c?
2
Let i = -57 + 121. What is the tens digit of i?
6
Suppose -3*r - 6 = 0, -2*y = -0*r + 2*r - 62. What is the tens digit of y/((-2)/(-4) - -1)?
2
Let z = -5 - -3. What is the units digit of (-1 - (z + -2)) + 1?
4
Let q = -8 + 27. What is the tens digit of q?
1
Suppose 0 = -d - 5*z + 5, 3*d - 5*z + 5 + 0 = 0. Let i(k) = -k**2 + k + 5. What is the units digit of i(d)?
5
Let f = -4 - 5. What is the units digit of (-10)/(-6)*f/(-3)?
5
Suppose -17*h + 155 = -12*h. Let u = h + -12. What is the units digit of u?
9
Suppose 3*u - 4 = f, 8 = 5*f - 4*u + 3*u. Suppose 65 = -f*o + 7*o. What is the units digit of o?
3
Suppose -m + 8 = -5*x - 0*x, -3*m + 7 = 2*x. Suppose -m*o - 12 = 0, -3*d - 5*o = -8*d + 155. What is the units digit of d?
7
Suppose 117 = -5*j + 32. Let x = j - -39. What is the units digit of x?
2
Suppose -9*g + 396 = -3*g. What is the units digit of g?
6
Suppose 0 = n + n. Suppose n*r - 8 = -r. What is the units digit of r?
8
Let i = 67 + -55. What is the units digit of i?
2
Suppose 4*w - 34 = -2*b + 2, 2*w = 0. Suppose -5*g + b = -4*j - 4*g, j = -2*g - 9. What is the units digit of 5 + (j + 2 - -5)?
7
Suppose 2*c + 3*i - 98 = 0, 0 = 2*c - 2*i - i - 86. What is the units digit of c?
6
Let n(u) = -2*u + 3 + u + 1 + 1. Let d be n(0). Suppose 2*i + 2*i - 29 = d*p, i - 3*p - 2 = 0. What is the units digit of i?
1
Let o(r) = -r**3 - 2*r**2 + 3*r - 2. Let z = 0 + -5. Let q be o(z). Suppose 0 = 4*h + 4, -2*h - h = -5*t + q. What is the tens digit of t?
1
Let c(f) = f + 4. Let u be c(-9). What is the units digit of (-3 - u)/2 + 2?
3
Let k = -55 - -286. What is the hundreds digit of k?
2
Let i = 103 + -42. What is the tens digit of i?
6
Let g = -16 - -18. Suppose -4*f + 4*r = 0, 3*f = -g*r + 3*r + 10. What is the units digit of f?
5
Let r(k) = -k**3 + 3*k**2 + 4. Let d be r(3). Suppose 8 = d*z - 0. Suppose q + 2*y - 7 = 0, q - 4 = -3*y + z. What is the units digit of q?
9
Suppose 2*y = u - 0*u, 3*y = -5*u + 52. Suppose 0 = -3*c - 4*o + 19, 51 = 2*c + 3*o - u*o. What is the tens digit of c?
1
Let s be (42/(-4))/(2/(-4)). Let y = 1 + s. What is the tens digit of y?
2
Let r be (4/(-6))/((-2)/30). Let i = 14 - r. Suppose -8 - 8 = -3*m + t, -i = -5*m - 4*t. What is the units digit of m?
4
Suppose -u = -4*i - 2 - 4, 2*i + 24 = 4*u. What is the units digit of 3/u + (-9)/(-2)?
5
Suppose 4*u - 123 + 39 = 0. Suppose -5*r + 2*r + u = 0. What is the units digit of r?
7
Suppose -4*z = -3*i - 170, i + 16 + 44 = 2*z. What is the units digit of i/(-15) - 4/(-6)?
4
Suppose h - 12 = 5*a + 6, 3*h - 2*a - 93 = 0. Let s be h/6 + (-2)/4. Let q = s + -1. What is the units digit of q?
4
Let s = -7 + 10. Let d be ((-1)/2)/((-1)/10). Suppose 2*b - d*v = -11, v - 6 = -s*b + 3. What is the units digit of b?
2
Let h(i) = 7*i - 1. Let j be h(-1). What is the units digit of (-6)/j*(1 - -7)?
6
Let t be (1 - 2) + -7 + 8. Suppose 3*k + 26 - 104 = t. What is the tens digit of k?
2
Let y be (-10)/15 - (-226)/6. Suppose 4*s + 4*m = 48, 4*s - 11 = -2*m + y. What is the tens digit of s?
1
Suppose 3*y = -u - 2*y + 28, -4*y + 26 = 2*u. Suppose 2 = a + u. Let p = 3 + a. What is the units digit of p?
2
Let j(r) = 5*r**3 - 2*r**2 - 2*r + 2. Let k be j(2). Suppose -1 - 2 = -u. Suppose -k = m - u*m. What is the tens digit of m?
1
Let n(a) = 2*a**3 - a**2 - a. What is the units digit of n(2)?
0
Let r(a) = -a**3 - 4*a**2 + 6*a - 5. Let k(q) = -q**3 - q**2 + q - 1. Let s(o) = -2*k(o) + r(o). What is the units digit of s(2)?
5
Suppose 3*z - 2 = 2*z. Let l(f) = 10*f**2 + 2*f - 1. Let t be l(z). Suppose -t + 3 = -4*y. What is the units digit of y?
0
Suppose 94*u = 95*u - 64. What is the tens digit of u?
6
Let r = -6 - -38. What is the units digit of r?
2
Suppose -2*p + 284 = 5*i - 0*p, 110 = 2*i - p. What is the tens digit of i?
5
What is the units digit of ((-22)/11)/(4/(-86))?
3
Let g = 38 - -18. Suppose -g = 2*w + 4*t - 168, -3*w - 5*t + 165 = 0. Let i = w + -36. What is the tens digit of i?
1
Let v be (-86)/6 + 34/(-51). Let z = v + 59. What is the units digit of z?
4
Suppose 0 = -2*x + 5*x. Suppose 3*f + x*g + 3*g = 18, -3*f + 3*g = -6. Suppose 0 = f*n - 7 - 1. What is the units digit of n?
2
Suppose -20 = -5*k + 5. Suppose 5*l - 40 = -k*u + 20, 8 = 3*l - 4*u. Let o = -5 + l. What is the units digit of o?
3
Let l(j) = -j**2 + 9*j - 2. What is the tens digit of l(7)?
1
Let h = -4 - -2. Let j be (-37 + 3)*1 + h. What is the units digit of (-170)/(-12) - (-6)/j?
4
Let d be (-3)/((3/2)/(-1)). Let j = 9 - 7. Suppose -d*